composite?
False
Is 17807 a prime number?
True
Is 9827 a composite number?
True
Is 397459 a composite number?
False
Is 89459 composite?
False
Is 6247 a composite number?
False
Is 538987 composite?
False
Is 864209 composite?
True
Is 307 composite?
False
Is 6905 prime?
False
Is 26735 prime?
False
Is 2903 a composite number?
False
Is 73703 a prime number?
False
Is 73999 composite?
False
Is 15545 composite?
True
Is 2329 composite?
True
Is 52529 composite?
False
Is 1117 a prime number?
True
Is 1274071 a composite number?
False
Is 38899 a prime number?
False
Is 594831 a prime number?
False
Is 3979 composite?
True
Is 233221 a composite number?
False
Is 40009 prime?
True
Is 18229 composite?
False
Is 98639 a prime number?
True
Is 78133 prime?
False
Is 738197 a composite number?
False
Is 14533 a composite number?
False
Is 126539 prime?
False
Is 445 composite?
True
Is 244079 a composite number?
True
Is 207341 composite?
False
Is 120949 prime?
False
Is 563691 composite?
True
Is 36035 composite?
True
Is 67103 a composite number?
False
Is 17669 a prime number?
True
Is 113647 composite?
False
Is 79 a composite number?
False
Is 15661 a composite number?
False
Is 301807 prime?
False
Is 3205 a composite number?
True
Is 251387 prime?
True
Is 43881 prime?
False
Is 80261 prime?
False
Is 9863 prime?
False
Is 102373 composite?
True
Is 17783 composite?
False
Is 3593 a composite number?
False
Is 11777 a prime number?
True
Is 35481 prime?
False
Is 210557 prime?
True
Is 4268053 a composite number?
True
Is 2719 prime?
True
Is 980927 prime?
False
Is 14543 composite?
False
Is 1163 a composite number?
False
Is 6385 a prime number?
False
Is 19031 composite?
False
Is 71989 prime?
False
Is 26761 a composite number?
True
Is 934586 composite?
True
Is 52741 composite?
True
Is 1923 a composite number?
True
Is 1391 a prime number?
False
Is 170273 a prime number?
False
Is 2495 prime?
False
Is 28894 prime?
False
Is 13751 a prime number?
True
Is 424961 composite?
False
Is 912763 prime?
True
Is 1543 composite?
False
Is 1915703 composite?
False
Is 82627 a prime number?
False
Is 24749 a prime number?
True
Is 60361 a composite number?
True
Is 12143 a prime number?
True
Is 30083 prime?
False
Is 273553 prime?
False
Is 3349 a composite number?
True
Is 129341 a prime number?
True
Is 64211 composite?
True
Is 19883 composite?
True
Is 18637 a composite number?
False
Is 19841 prime?
True
Is 99113 composite?
True
Is 28111 a composite number?
False
Is 997 composite?
False
Is 483781 a composite number?
True
Is 4853 prime?
False
Is 14519 prime?
True
Is 34115 prime?
False
Is 855251 prime?
False
Is 15559 a prime number?
True
Is 1272785 a prime number?
False
Is 492839 prime?
True
Is 98881 a composite number?
True
Is 121874 a prime number?
False
Is 175777 a prime number?
False
Is 4791 a prime number?
False
Is 1851587 a prime number?
True
Is 1973 a prime number?
True
Is 49559 a composite number?
False
Is 10663 composite?
False
Is 263 composite?
False
Is 4822 composite?
True
Is 4827027 a composite number?
True
Is 155693 a composite number?
False
Is 4327 a prime number?
True
Is 182311 composite?
True
Is 650449 composite?
False
Is 18987 a prime number?
False
Is 510307 a prime number?
False
Is 193747 composite?
True
Is 5039 a composite number?
False
Is 20047 prime?
True
Is 8491 composite?
True
Is 6559 a composite number?
True
Is 2669074 a composite number?
True
Is 4833093 prime?
False
Is 10369 composite?
False
Is 5147 a composite number?
False
Is 181183 a prime number?
True
Is 90547 prime?
True
Is 16711 composite?
True
Is 7319 prime?
False
Is 12587 composite?
True
Is 28277 prime?
True
Is 8317 prime?
True
Is 85807 a prime number?
False
Is 26669 prime?
True
Is 323557 a prime number?
False
Is 557441 prime?
False
Is 2782211 a composite number?
False
Is 22261 composite?
True
Is 451277 composite?
False
Is 153593 composite?
True
Is 877 prime?
True
Is 141142 a prime number?
False
Is 12773 a composite number?
True
Is 381181 a composite number?
False
Is 40543 a composite number?
False
Is 6737 prime?
True
Is 2537 prime?
False
Is 146213 composite?
False
Is 18857 composite?
True
Is 13381 composite?
False
Is 29257 prime?
False
Is 115387 a composite number?
True
Is 34211 a prime number?
True
Is 15209 prime?
False
Is 208451 prime?
False
Is 3427 a composite number?
True
Is 15783 a prime number?
False
Is 209239 composite?
True
Is 6629 prime?
False
Is 2080423 a prime number?
True
Is 45583 prime?
False
Is 77431 a composite number?
False
Is 379273 a composite number?
False
Is 197031 a prime number?
False
Is 101833 prime?
True
Is 37043 composite?
True
Is 54493 composite?
False
Is 21929 a prime number?
True
Is 101579 a prime number?
False
Is 40009 composite?
False
Is 14961 a prime number?
False
Is 9901 a composite number?
False
Is 305009 composite?
True
Is 2103099 prime?
False
Is 1035527 a composite number?
False
Is 68711 composite?
False
Is 2243 composite?
False
Is 158351 a prime number?
True
Is 446135 a composite number?
True
Is 489341 a composite number?
True
Is 7901 a composite number?
False
Is 2108011 a composite number?
True
Is 482861 a composite number?
False
Is 6999 prime?
False
Is 342651 a prime number?
False
Is 432949 a composite number?
True
Is 12011 a prime number?
True
Is 21631 a prime number?
False
Is 582041 a composite number?
True
Is 225217 composite?
False
Is 24707 a composite number?
True
Is 891281 prime?
False
Is 660719 a composite number?
False
Is 6947 composite?
False
Is 2422931 prime?
False
Is 75011 prime?
True
Is 5557 composite?
False
Is 188827 prime?
True
Is 643213 a prime number?
True
Is 54709 composite?
False
Is 42799 a prime number?
False
Is 106103 composite?
False
Is 416029 prime?
False
Is 19835 a prime number?
False
Is 93473 composite?
True
Is 226241 prime?
True
Is 37585 prime?
False
Is 11383 a prime number?
True
Is 5357 composite?
True
Is 39881 a composite number?
True
Is 24974 prime?
False
Is 33011 prime?
False
Is 1298611 composite?
False
Is 3587 a prime number?
False
Is 25811 prime?
False
Is 1709 a composite number?
False
Is 298013 a composite number?
False
Is 369007 a prime number?
True
Is 503819 a prime number?
True
Is 28079 a composite number?
True
Is 1354 a prime number?
False
Is 1399 a prime number?
True
Is 122253 a composite number?
True
Is 1760419 a prime number?
True
Is 31427 composite?
True
Is 48907 composite?
False
Is 749927 composite?
False
Is 344543 composite?
False
Is 345349 a composite number?
True
Is 1765 a prime number?
False
Is 77893 composite?
False
Is 46219 composite?
False
Is 37061 a composite number?
False
Is 754043 a prime number?
True
Is 132359 prime?
False
Is 35227 a prime number?
True
Is 12739 a composite number?
False
Is 353173 composite?
False
Is 50489 composite?
True
Is 36691 prime?
True
Is 521897 composite?
False
Is 21001 a prime number?
True
Is 560221 a composite number?
False
Is 145 prime?
False
Is 621417 a prime number?
False
Is 297727 composite?
False
Is 17567 prime?
False
Is 3947 a prime number?
True
Is 209207 a composite number?
True
Is 20507 a composite number?
False
Is 46399 a prime number?
True
Is 376921 a composite number?
False
Is 37309 a composite number?
False
Is 40459 composite?
False
Is 14163 a composite number?
True
Is 22051 prime?
True
Is 17291 prime?
True
Is 227743 a composite number?
False
Is 108343 a prime number?
True
Is 351227 a prime number?
False
Is 217541 prime?
False
Is 18931 a prime number?
False
Is 3499 a composite number?
False
Is 1781 prime?
False
Is 2819 a prime number?
True
Is 37087 a composite number?
False
Is 61733 a composite number?
True
Is 1069769 prime?
False
Is 9037 a prime number?
False
Is 407047 prime?
True
Is 55861 composite?
True
Is 184715 composite?
True
Is 3953 prime?
False
Is 496051 a prime number?
True
Is 1721873 a prime number?
False
Is 343001 composite?
True
Is 14197 a prime number?
True
Is 29429 prime?
True
Is 611921 composite?
False
Is 525641 prime?
True
Is 754219 prime?
False
Is 23459 a composite number?
False
Is 58285 composite?
True
Is 17585 a prime number?
False
Is 36833 prime?
True
Is 711413 composite?
True
Is 47303 a prime number?
True
Is 888711 a prime number?
False
Is 2705 composite?
True
Is 275897 prime?
True
Is 419 prime?
True
Is 497273 composite?
True
Is 5833 a composite number?
True
Is 112141 a composite 